r = -11678 + 11729. Calculate the remainder when r is divided by (3/(-4))/((-1)/12).
6
What is the remainder when 279 is divided by 26*((-24)/(-8) + -2)?
19
Let l(m) = m**3 + 20*m**2 + 3*m + 52. What is the remainder when l(-19) is divided by 15?
11
Let p(b) = 5*b - 30. Suppose 101 = 3*a + 26. What is the remainder when a is divided by p(9)?
10
Let t = 0 - -4. Suppose t*z - 15 = -3*r, -z + 4*z - 21 = r. What is the remainder when (-3)/((-18)/10)*(19 + -13) is divided by z?
4
Calculate the remainder when 199 is divided by (-3 + 7)*(2 - 0 - 0).
7
Let i = -12 + 33. Suppose 0 = 2*v + 4*a - 3*a - 24, 2*a + 29 = 3*v. Calculate the remainder when v is divided by (5/15)/(1/i).
4
What is the remainder when 2222 is divided by 3 - (528/(-38) - 8/76)?
12
Calculate the remainder when 2202 is divided by ((-750)/300)/(10/(-304)).
74
Suppose -64 = -8*f + 4*f. Suppose f + 26 = -3*z. Let o(q) = -q**3 - 13*q**2 + 14*q + 9. Calculate the remainder when 33 is divided by o(z).
6
Suppose 88 = -13*k + 335. Suppose -2*c + 75 = -c. What is the remainder when c is divided by k?
18
Suppose g + 4*g - 25 = 0. Let m(n) = 5*n**2 - 2*n + 3. Calculate the remainder when m(2) is divided by g.
4
Let o(a) = -78*a - 357. What is the remainder when 425 is divided by o(-5)?
29
Suppose 0 = 3*v - 3. Let x = 6 - v. Suppose -50*h - 16 = -13*h - 497. Calculate the remainder when h is divided by x.
3
Let b be ((-1)/(-6)*0)/(2 + -1). Suppose -9*g + 7*g - u = -9, b = -5*g + 5*u - 15. What is the remainder when 4 is divided by g?
0
Let n = -5 + 5. Let m be 0/(-3) - -3 - n. Let z(d) = 5*d. Calculate the remainder when 29 is divided by z(m).
14
Suppose 5*w - 332 - 308 = 0. Suppose -5*c + w + 177 = 0. Calculate the remainder when 18/12 + c/2 is divided by 11.
10
Let j(u) = 5*u + 98. Calculate the remainder when 86 is divided by j(-13).
20
Calculate the remainder when 162 is divided by (-312)/(-6) - (4 + 1).
21
Suppose 46 = -11*p + 12*p. What is the remainder when p is divided by 27?
19
Suppose 12 = 2*q + 2*k, 3*q = -6*k + 2*k + 18. Calculate the remainder when 111 is divided by -7*q*(-4)/6.
27
Suppose 5*z + 0*z = 50. Let p = z + -1. Suppose -p*q = -4*q - 75. What is the remainder when 43 is divided by q?
13
Suppose 13938 = 64*g - 28174. Calculate the remainder when g is divided by 44.
42
Let c be 30/4*6/9. Suppose -c*g = -4*g - 20. Calculate the remainder when 5/g + 236/16 is divided by 5.
0
Suppose x + 4*x = 25, 25 = -4*n + x. Suppose -3*m + 59 = 14. Let k = n + m. What is the remainder when k is divided by 2?
0
Let f(g) = -g + 23. Let o = -41 - -66. Calculate the remainder when o is divided by f(10).
12
Let u = -5 + 101. Let b = u - 37. What is the remainder when b is divided by 12?
11
Let y(x) be the second derivative of -x**5/20 - 3*x**2/2 + 5*x. Calculate the remainder when 69 is divided by y(-3).
21
Let x = 51 - -25. Suppose -p = -5*i - 3*p + 94, 2*p = -4*i + x. Calculate the remainder when i is divided by 6.
0
Let m(p) = p**3 + 4*p**2 - 12*p - 4. Let x be m(-5). Suppose 7 = q - x. Suppose -3*v - 146 = -5*v. Calculate the remainder when v is divided by q.
35
Suppose -4*u = -1 - 7, 4*u + 1507 = 5*a. What is the remainder when a is divided by 17?
14
Suppose -378 + 438 = a. Calculate the remainder when a is divided by 27.
6
Let x = 9 + -1. Calculate the remainder when x is divided by 3/(-2)*(16 - 18).
2
Suppose -310 = 919*s - 924*s. Calculate the remainder when 2169 is divided by s.
61
Let h be (100/(-55) - -2) + (-713)/(-11). Let o = -42 + h. What is the remainder when 57 is divided by o?
11
What is the remainder when 69 is divided by (-6)/(-10) - (-2479)/185?
13
Suppose 31*l - 26*l - 50 = 0. What is the remainder when (-4)/l - (-120)/50 is divided by 1?
0
Calculate the remainder when 5*(-2)/35 - 989/(-7) is divided by 21.
15
Let h = 3 + -3. Suppose h = -2*y - 3*y + 10. Calculate the remainder when y is divided by ((-24)/42)/(16/(-7) - -2).
0
Let p be ((-6)/4)/((-5)/(-760)). Let f = 428 + -355. What is the remainder when f is divided by (1/3)/((-4)/p)?
16
Suppose -8*d = -11*d + 114. Suppose -c = -4*f - 3 + 15, 5*c = -20. Calculate the remainder when 6/(-14) - d/(-7) is divided by f.
1
Let y be 3*2/(-4)*-2. Let d = 9 - y. Let v = -1996 + 1998. Calculate the remainder when d is divided by v.
0
Suppose 1317 - 342 = 13*n. Calculate the remainder when n is divided by 42.
33
Let v(p) = -6*p - 3. Suppose -5*t - 2*x - 1 = 0, 4*t + 0*x = 2*x + 10. Let n(j) = j - 2. Let c be n(t). What is the remainder when v(c) is divided by 2?
1
Suppose 22*b = 6*b + 192. What is the remainder when 406 is divided by b?
10
Let p(q) = 3*q**2 + 4*q - 12. Let i = -1 + 39. Suppose -2*l + 303 = 5*x, -i = -x + 4*l + 5. What is the remainder when x is divided by p(-4)?
19
Calculate the remainder when 4131*(-11)/(-25 - 8) is divided by 12.
9
Let h(w) = -9*w. Let q be h(-4). Let a be (q/54)/((-2)/(-3)). Calculate the remainder when 2 + (36 - -1)*a is divided by 14.
11
Let s(p) = p**2 - 4*p + 6. Let t be s(2). Suppose -74 + 2 = -t*o. Calculate the remainder when o is divided by 13.
10
Calculate the remainder when 128 is divided by 1/3 + -1 - (-210)/18.
7
Let q = -263 - -282. What is the remainder when 65 is divided by q?
8
Suppose 11*z + 36 = 8*z. Let g(a) = a**3 + 12*a**2 - 3*a + 9. Calculate the remainder when g(z) is divided by 8.
5
Let b = 101 + -91. What is the remainder when b is divided by 8?
2
Let m = 32 + -33. Calculate the remainder when 25 is divided by -1*(m*(-9)/3 - 6).
1
Suppose -3*n - 97 = -48*w + 44*w, -4*w - 5*n + 137 = 0. What is the remainder when 77 is divided by w?
21
Calculate the remainder when 1112/5 - 44/110 is divided by 34.
18
Let l be 4 - 0*(-3)/12. Let b(i) = -i**2 + 6*i - 4. Let k be b(l). Suppose 340 = -0*j + k*j. What is the remainder when j is divided by 22?
19
Let w(n) be the third derivative of -n**5/30 + 9*n**4/8 + 13*n**3/3 + 24*n**2. What is the remainder when 245 is divided by w(12)?
59
Let t = 38 + -24. Let o = 1 + -12. What is the remainder when (o/(-4))/((-6)/(-120)) is divided by t?
13
Let a = -95 + 127. What is the remainder when 255 is divided by a?
31
Let g = -228 - -241. What is the remainder when 22 is divided by g?
9
Let z(w) = -2*w - 26. Let t be z(-16). Let r(x) = -x**2 + 8*x - 1. Calculate the remainder when r(t) is divided by 6.
5
Suppose 2*k = -2*f - 10, 2*k + 11 = -4*f - 9. Suppose w - 4 = 0, 0 = 4*u + w - 28 - k. What is the remainder when 11 is divided by u?
5
Let l(w) = w**2 - 12*w + 13. Let h be l(11). Suppose -2*t + 0 = -j - 84, 0 = -2*t - 3*j + 92. What is the remainder when -5*166*h/(-20) is divided by t?
40
Let b(v) be the second derivative of 8*v**4/3 - v**3/2 + v**2 - 27*v. What is the remainder when b(2) is divided by 42?
40
Calculate the remainder when 117 is divided by 18/((-144)/(-280)) + 1*5.
37
Let r(a) = -a**2 + a - 3. Let m be r(-4). Let i = -28 - m. Let g = i + 18. Calculate the remainder when g is divided by 8.
5
Calculate the remainder when 83 is divided by ((-693)/(-14) - 3) + 15/(-6).
39
Suppose 2*o - 3 = 1. Let t = 23 + -16. Calculate the remainder when (-55)/(-2) + (-1)/o is divided by t.
6
Let c = 690 - 642. What is the remainder when 297 is divided by c?
9
Suppose 0 = 5*w + 174 - 514. What is the remainder when 132 is divided by w?
64
Suppose -3*o + 41 = 5*s, -13*o + s + 53 = -10*o. What is the remainder when 27 is divided by o?
10
Let l be (183/(-9) - 3)*(-180)/14. Suppose -5*r + 385 = 2*p + 25, 0 = 4*r + 4*p - l. Calculate the remainder when r is divided by (9/(-4))/(2/(-16)).
16
Let p be 0 - (2 + 0) - 184. Let t = 725 + -715. What is the remainder when p/(-10) + 4/10 is divided by t?
9
What is the remainder when 97 is divided by (-18)/(-14)*(-21)/(-210)*70?
7
What is the remainder when 80 is divided by (-6 - (2 - 9))*(8 + 0)?
0
What is the remainder when 78 is divided by 4/((-2)/(-1))*675/135?
8
Let s = -119 - -173. Let z = -4243 + 4263. Calculate the remainder when s is divided by z.
14
Let q = 1909 + -1871. What is the remainder when 1139 is divided by q?
37
Calculate the remainder when 21 is divided by 11/(77/(-14)) + 10.
5
Calculate the remainder when (-23)/((-138)/1080) + -5 is divided by 60.
55
Let s = 22 + 59. Suppose 4*o + 2*q = 4, 3*q = -0*o + 2*o + 14. Let y = o + 22. Calculate the remainder when s is divided by y.
18
Let b(y) =